 2*r**2 - 33*r - 562. Determine s(27).
5
Let l(s) = 13*s**2 - 173*s - 567. Calculate l(16).
-7
Let h(x) = -616*x - 3029. Give h(-5).
51
Let o(k) = -4*k**2 - 176*k + 1105. Give o(6).
-95
Let l(k) = 331*k - 72486. Give l(219).
3
Let v(c) = -148*c - 191. Give v(-2).
105
Let h(b) = -b**3 - 338*b**2 - 3590*b + 57. Calculate h(-11).
-20
Let h(q) = -2*q**2 - 32*q + 239. What is h(-20)?
79
Let v(c) = c**3 - c**2 - 53*c + 240. What is v(4)?
76
Let c(u) = -2*u**3 - 59*u**2 - 138*u - 112. What is c(-27)?
-31
Let d(g) = -g**3 + 24*g**2 - 29*g - 44. What is d(23)?
-182
Let q(d) = d**3 + 26*d**2 + 97*d - 25. What is q(-9)?
479
Let l(r) = -r**3 - 4*r - 1. Calculate l(-2).
15
Let f(l) = l**2 - 285*l + 20094. Give f(128).
-2
Let q(i) = 75*i - 15152. Calculate q(202).
-2
Let x(u) = 540*u + 531. Calculate x(-1).
-9
Let q(o) = o**3 - 8*o**2 - 64*o - 2. Give q(-5).
-7
Let j(l) = l**3 + 5*l**2 - 10*l + 10. Calculate j(-7).
-18
Let d(o) = o**3 + 61*o**2 + 114*o - 126. Determine d(-59).
110
Let l(z) = z**3 + 20*z**2 + 58*z + 122. Determine l(-17).
3
Let z(n) = 19*n - 60. Calculate z(4).
16
Let l(s) = -35*s - 80. Calculate l(-9).
235
Let p(b) = 471*b - 2833. What is p(6)?
-7
Let h(i) = -2*i**2 + 5*i + 24. Calculate h(-3).
-9
Let w(b) = -b**3 - 7*b**2 + 175*b + 918. Give w(-5).
-7
Let s(m) = 378*m - 18923. Calculate s(50).
-23
Let s(d) = -35*d - 1093. Give s(-26).
-183
Let d(b) = 15*b**3 - 4*b**2 - 68*b + 145. Give d(2).
113
Let a(f) = 2*f - 225. What is a(0)?
-225
Let z(c) = -c**3 - 59*c**2 - 286*c - 871. Give z(-54).
-7
Let g(r) = -r**3 - 29*r**2 - 8*r - 237. Determine g(-29).
-5
Let y(j) = 617*j + 9837. What is y(-16)?
-35
Let h(b) = b**3 + b**2 + 192. Give h(0).
192
Let b(a) = 16*a + 138. Calculate b(-10).
-22
Let p(q) = q**3 + 4*q**2 - 46*q + 349. Determine p(-11).
8
Let z(n) = 7*n**3 - 2*n**2 + 3*n + 30. Calculate z(3).
210
Let r(l) = 23717*l - 94873. Calculate r(4).
-5
Let w(t) = 63*t - 148. What is w(5)?
167
Let h(z) = -10*z**2 + 47*z + 52. What is h(9)?
-335
Let h(t) = 24*t + 1625. Give h(-50).
425
Let q(l) = 4*l**2 + 257*l - 2634. Calculate q(9).
3
Let g(h) = -h**3 + 87*h**2 + 85*h + 250. Determine g(88).
-14
Let g(p) = 156*p + 1381. What is g(-9)?
-23
Let f(z) = z**2 + 169*z - 6440. Give f(32).
-8
Let o(j) = 35*j**2 - 119*j + 30. Give o(3).
-12
Let i(g) = g**3 - 21*g**2 - 109*g - 36. Give i(26).
510
Let q(z) = -5*z**3 + 325*z**2 + 3*z - 195. Determine q(65).
0
Let u(k) = -k**3 + 22*k**2 + 20*k - 49. Give u(23).
-118
Let u(h) = h**2 + 46*h + 497. Give u(-30).
17
Let p(n) = -n**3 - 5*n**2 - 129*n - 793. Calculate p(-6).
17
Let m(z) = -z**3 + 8*z**2 + 16*z - 12. Give m(9).
51
Let r(l) = -305*l + 6411. Determine r(21).
6
Let p(d) = d**3 + 8*d**2 - 11*d - 24. What is p(-9)?
-6
Let x(d) = d**2 + 21*d - 2245. Give x(-58).
-99
Let v(t) = -12*t**3 - 242*t**2 - 36*t + 74. What is v(-20)?
-6
Let d(p) = -p**3 + 30*p**2 - 220*p + 21. What is d(14)?
77
Let h(v) = -95*v**3 - v**2 + 2. Calculate h(-1).
96
Let z(q) = q**3 - 42*q**2 + 47*q - 14. Determine z(41).
232
Let s(i) = -i**2 - 28*i + 65. Determine s(-31).
-28
Let a(t) = -t**3 + 12*t**2 - 10*t + 286. Determine a(13).
-13
Let a(h) = 176*h + 772. What is a(-6)?
-284
Let b(t) = -3*t**3 + 138*t**2 - 266*t + 17. Give b(44).
-71
Let m(i) = -i**3 - 5*i**2 + 14*i - 17. Determine m(-7).
-17
Let t(x) = -x**3 + 4*x**2 + 322*x + 30. Determine t(-16).
-2
Let f(y) = y**2 - 15*y - 159. Determine f(-10).
91
Let y(t) = -512*t - 2708. Give y(-5).
-148
Let l(v) = 56*v + 2398. Calculate l(-43).
-10
Let i(x) = 9*x**2 - 6*x - 32. Determine i(-4).
136
Let a(v) = -5*v**2 - 173*v + 1. Give a(-34).
103
Let m(c) = 15*c**3 + 3*c**2 - 532*c + 531. Calculate m(1).
17
Let f(a) = a**3 - 124*a**2 - 605*a + 189. What is f(-5)?
-11
Let i(g) = -g**3 - 17*g**2 - 53*g - 197. Calculate i(-13).
-184
Let d(p) = -180*p - 248. Determine d(-2).
112
Let m(w) = w**2 - 477*w + 1430. Give m(3).
8
Let w(r) = -2*r + 27. Give w(13).
1
Let y(c) = -c - 183. Give y(-37).
-146
Let r(f) = -20*f - 159. Give r(-22).
281
Let r(p) = 134*p**2 + 7636*p - 121. Give r(-57).
-7
Let l(c) = -384*c + 33789. Give l(88).
-3
Let v(f) = -61*f**3 + 3*f**2 - 6*f - 8. Give v(-1).
62
Let v(q) = 1938*q - 13589. Calculate v(7).
-23
Let u(s) = -712*s + 4295. What is u(6)?
23
Let h(t) = 134*t - 421. Give h(3).
-19
Let d(y) = -34*y - 153. What is d(-5)?
17
Let f(n) = -6*n**2 + 33*n - 16. Calculate f(7).
-79
Let k(y) = 2*y**2 - 5*y - 17. What is k(-6)?
85
Let x(l) = 4*l**3 + 202*l**2 - 102*l + 40. What is x(-51)?
40
Let n(x) = 76*x + 4863. Determine n(-64).
-1
Let c(o) = -20*o + 319. Calculate c(14).
39
Let g(s) = s**2 - 25*s + 146. What is g(18)?
20
Let v(k) = -87*k + 114. Calculate v(2).
-60
Let p(x) = -20*x + 1152. Determine p(54).
72
Let d(c) = 2*c**3 + 51*c**2 + 38*c - 30. Determine d(-25).
-355
Let y(p) = 84*p + 1305. What is y(-16)?
-39
Let t(x) = x**3 + 25*x**2 + 50*x + 63. Determine t(-23).
-29
Let q(o) = -36*o - 1232. Determine q(-22).
-440
Let n(y) = 960*y + 384. Give n(-2).
-1536
Let q(n) = n**2 + 27*n + 122. What is q(-5)?
12
Let s(o) = -1113*o + 3350. Give s(3).
11
Let d(x) = 51*x + 307. Calculate d(-9).
-152
Let r(k) = k**2 + 121*k - 6743. Calculate r(-162).
-101
Let r(l) = -l**2 - 18*l + 48. Determine r(-18).
48
Let c(h) = 3*h**2 + 4*h - 25. Give c(-7).
94
Let k(c) = 99*c + 399. Determine k(-6).
-195
Let r(l) = 2*l**2 + 107*l + 669. Determine r(-46).
-21
Let i(c) = c**3 - 33*c**2 - 85*c + 56. Determine i(35).
-469
Let w(x) = 67*x**2 - 2880*x - 50. Determine w(43).
-7
Let q(b) = -2*b**3 - 8*b**2 + 1790*b + 57. Give q(28).
1
Let c(l) = 196*l - 8828. Determine c(45).
-8
Let h(n) = n**2 + 337*n + 28263. Calculate h(-157).
3
Let m(s) = 3*s**2 - 300*s - 607. Calculate m(102).
5
Let q(m) = -86*m - 5587. What is q(-65)?
3
Let y(o) = -49*o - 1715. Calculate y(-30).
-245
Let b(m) = -1227*m + 9730. Calculate b(8).
-86
Let h(k) = 192*k - 11151. Calculate h(57).
-207
Let s(f) = 293*f + 50. Give s(-1).
-243
Let d(x) = -x**3 + 18*x**2 + 6*x + 11. Give d(19).
-236
Let x(c) = 1045*c + 6266. Give x(-6).
-4
Let j(p) = -11*p**3 + 61*p**2 - 84*p + 14. What is j(2)?
2
Let k(v) = -v**3 - 26*v**2 + 209*v - 83. Calculate k(-33).
643
Let g(y) = -y**3 + 3*y**2 + 4*y + 30. Determine g(8).
-258
Let m(c) = -c**3 - 11*c**2 - 72*c - 154. Give m(-3).
-10
Let j(b) = b**3 + 21*b**2 - 36*b + 2. Determine j(-23).
-228
Let l(f) = 17*f + 86. Determine l(0).
86
Let s(b) = -988*b + 4. Give s(0).
4
Let q(i) = 2*i**3 - 31*i**2 + 12*i + 33. Calculate q(15).
-12
Let b(j) = 133*j - 3187. Give b(24).
5
Let x(p) = 23*p**2 - 3*p - 113. Determine x(-5).
477
Let a(c) = -477*c - 7132. Give a(-15).
23
Let m(l) = -l**3 - 6*l**2 + 43*l + 140. Give m(-9).
-4
Let k(h) = h - 20. What is k(-17)?
-37
Let j(m) = m**3 - 36*m**2 - 38*m + 37. Determine j(37).
0
Let u(f) = 50*f + 2079. Determine u(-42).
-21
Let p(m) = -902*m + 18025. Determine p(20).
-15
Let u(g) = 2*g**2 - 26*g + 9. Calculate u(13).
9
Let i(u) = 15*u + 81. What is i(-5)?
6
Let c(d) = -d**2 + 11*d - 16. Determine c(9).
2
Let t(w) = w**3 + 28*w**2 + 130*w - 640. Give t(-11).
-13
Let y(q) = -q**2 + 34*q + 563. Give y(47).
-48
Let c(g) = -12*g - 42. Determine c(-11).
90
Let u(m) = 71*m - 138. Give u(6).
288
Let g(z) = 3*z**2 - 65*z - 263. Give g(28).
269
Let m(x) = 2*x**3 - 56*x**2 - 2*x - 57. Calculate m(28).
-113
Let i(f) = 10*f**2 - 133*f - 108. Calculate i(14).
-10
Let u(h) = -140*h + 261. What is u(-3)?
681
Let d(r) = -3*r**3 + 10*r**2 - 6*r + 9. Calculate d(3).
0
Let o(c) = -15*c - 2002. What is o(-139)?
83
Let w(s) = -42*s - 238. What is w(-6)?
14
Let c(i) = 16*i**2 - 15*i - 29. Give c(-3).
160
Let t(p) = p**2 - 26*p - 1. Determine t(15).
-166
Let n(a) = a**2 + 59*a - 777. Determine n(-70).
-7
Let k(d) = -d**3 - 11*d**2 + 55*d - 43. Give k(-15).
32
Let c(b) = 30*b + 178. Determine c(-9).
-92
Let n(f) = -f**3 + 13*f**2 + 32*f - 259. Give n(14).
-7
Let j(m) = 18*m**2 + 215*m + 434. What is j(-2)?
76
Let y(r) = 6*r + 112. Give y(-16).
16
Let x(k) = 280*k - 31115. Give x(111).
-35
Let t(y) = -31*y + 43. What is t(-7)?
260
Let c(s) = -63*s + 1926. Determine c(31).
-27
Let v(q) = -28*q**3 + 2*q**2 - 4*q + 1. Calculate v(-2).
241
Let p(v) = 2*v**2 + 267*v + 2802. Determine p(-122).
-4
Let m(p) = p**2 - 2880*p - 20211. What is m(-7)?
-2
Let b(m) = 319*m - 1922. Determine b(6).
-8